 the greatest common divisor of 3000767 and 2387.
77
Calculate the highest common divisor of 59094 and 227262.
294
What is the highest common factor of 1464 and 373503?
183
Calculate the highest common divisor of 104086095 and 489.
489
Calculate the greatest common divisor of 17368074 and 720.
18
What is the highest common factor of 35 and 1516705?
5
Calculate the greatest common factor of 1185 and 18111.
3
What is the highest common factor of 169244160 and 8640?
960
What is the greatest common factor of 29715137 and 251?
251
Calculate the highest common factor of 134 and 2837122.
2
What is the greatest common divisor of 45981408 and 1056?
1056
What is the greatest common factor of 111836 and 185?
1
What is the greatest common factor of 3650 and 388800?
50
Calculate the highest common divisor of 28314840 and 13800.
2760
Calculate the greatest common divisor of 9641476 and 1580.
316
What is the greatest common divisor of 26 and 291991284?
26
What is the highest common divisor of 121 and 544?
1
Calculate the greatest common factor of 16059 and 116251.
101
What is the greatest common factor of 8535095 and 10?
5
What is the highest common divisor of 1320108 and 184?
92
What is the greatest common divisor of 11785280 and 6240?
2080
What is the greatest common divisor of 240 and 82716840?
120
What is the greatest common divisor of 14960335 and 13630?
235
What is the highest common factor of 323571508 and 260?
52
What is the greatest common factor of 13817 and 3751418?
41
Calculate the highest common factor of 336 and 162672.
48
Calculate the greatest common factor of 35970501 and 21.
21
What is the greatest common divisor of 7756 and 1650040?
28
What is the greatest common factor of 496 and 48664528?
16
Calculate the greatest common factor of 105647 and 4138448.
3643
What is the highest common factor of 755727786 and 594?
594
Calculate the greatest common factor of 25136 and 33368.
8
What is the greatest common divisor of 598 and 21897863?
299
What is the greatest common factor of 5146 and 42266671?
2573
What is the greatest common factor of 44289 and 80541?
171
What is the highest common divisor of 6714379 and 202?
101
What is the greatest common factor of 152 and 19611477?
19
Calculate the highest common divisor of 714023 and 24025.
961
What is the highest common factor of 190878920 and 160?
40
Calculate the greatest common factor of 156074208 and 1312.
1312
What is the highest common divisor of 348301 and 324407?
919
What is the greatest common divisor of 66842070 and 6540?
3270
What is the greatest common divisor of 372 and 24632445?
93
Calculate the highest common divisor of 6871937 and 2005.
401
Calculate the highest common divisor of 38681 and 43663.
47
Calculate the highest common factor of 635294 and 1342814.
1474
Calculate the highest common divisor of 30921 and 8657.
11
Calculate the highest common divisor of 336 and 20227800.
24
What is the highest common factor of 20377 and 1247015?
287
What is the greatest common factor of 25573 and 789178?
239
What is the highest common factor of 4136 and 137262466?
1034
Calculate the greatest common factor of 20 and 1647663560.
20
What is the highest common factor of 7575 and 786075?
75
Calculate the greatest common divisor of 11325752 and 328.
8
What is the greatest common divisor of 1568 and 520753184?
1568
Calculate the highest common factor of 5400 and 366543900.
2700
What is the highest common factor of 357 and 22870933?
17
Calculate the greatest common divisor of 6574 and 200334.
346
What is the highest common divisor of 10182 and 188524821?
5091
What is the greatest common divisor of 9 and 402942285?
9
What is the highest common divisor of 2226939 and 8613?
957
What is the highest common divisor of 56913296 and 176?
176
What is the highest common divisor of 26419232 and 80759?
581
Calculate the highest common divisor of 14656 and 3926.
2
What is the highest common divisor of 4428510 and 138?
6
What is the highest common factor of 2808925 and 3975?
25
What is the greatest common factor of 16632 and 3756744?
72
What is the greatest common factor of 2907 and 539780481?
2907
What is the highest common divisor of 2432 and 132545216?
1216
Calculate the greatest common divisor of 10922685 and 181875.
1455
What is the highest common divisor of 17444 and 181204?
356
Calculate the greatest common factor of 340813 and 869.
11
Calculate the highest common factor of 536226306 and 154.
154
What is the highest common factor of 64312 and 416?
8
Calculate the highest common divisor of 949772 and 8512.
76
What is the highest common factor of 12078 and 44256?
6
Calculate the greatest common factor of 3311694 and 2008.
502
Calculate the greatest common divisor of 94764 and 16006.
106
Calculate the highest common divisor of 107814 and 70366.
302
What is the highest common divisor of 6 and 37431558?
6
Calculate the highest common divisor of 254679596 and 67.
67
What is the highest common divisor of 6920200 and 11200?
1400
What is the greatest common factor of 44982200 and 25?
25
What is the greatest common factor of 108 and 49132548?
108
What is the greatest common factor of 178629888 and 30?
6
Calculate the greatest common divisor of 3830266 and 755.
151
What is the highest common factor of 82661376 and 38440?
7688
What is the highest common divisor of 22421965 and 14135?
1285
What is the greatest common divisor of 4629636918 and 54?
54
What is the greatest common factor of 28116 and 46961244?
396
What is the greatest common divisor of 1936 and 555742?
22
Calculate the highest common divisor of 14043766 and 3652.
1826
Calculate the greatest common factor of 182 and 2187731.
91
What is the highest common factor of 5514 and 539277471?
2757
What is the highest common factor of 153506 and 12?
2
What is the greatest common factor of 1022 and 927538?
146
Calculate the highest common factor of 140890 and 218090.
1930
Calculate the greatest common divisor of 174 and 789869694.
174
What is the greatest common factor of 43207668 and 84?
84
What is the highest common divisor of 2538 and 203463?
423
What is the greatest common factor of 14552 and 53766002?
3638
What is the highest common factor of 2919540 and 2519039?
3743
Calculate the highest common divisor of 209061402 and 198.
66
Calculate the highest common factor of 755369766 and 90.
18
Calculate the greatest common factor of 40 and 39360280.
40
Calculate the highest common divisor of 9799 and 1061121.
41
What is the highest common divisor of 5661863 and 5924?
1481
Calculate the highest common divisor of 91 and 402383072.
91
What is the highest common divisor of 1774141 and 7792?
487
What is the greatest common divisor of 100464 and 146952?
312
What is the highest common factor of 623129 and 403?
13
Calculate the greatest common factor of 1075368336 and 2008.
2008
Calculate the greatest common factor of 14368 and 234827.
449
Calculate the greatest common divisor of 8589178 and 39.
13
Calculate the greatest common factor of 19205 and 2304186.
23
Calculate the highest common factor of 57330 and 1412866.
1274
Calculate the highest common divisor of 16809 and 27899061.
1293
What is the greatest common factor of 48 and 118934736?
48
What is the highest common factor of 8806 and 1035963?
629
Calculate the highest common factor of 38539 and 5151.
17
Calculate the highest common divisor of 1672 and 263758.
418
Calculate the greatest common factor of 37 and 3094606.
37
Calculate the highest common divisor of 29035518 and 798.
6
Calculate the greatest common divisor of 170745 and 1119.
3
Calculate the greatest common divisor of 91760214 and 39.
39
Calculate the greatest common factor of 39739 and 36221693.
811
Calculate the highest common divisor of 13560624 and 2332.
44
Calculate the greatest common factor of 42344850 and 150.
150
What is the highest common factor of 2195783 and 1251?
139
What is the highest common factor of 301476 and 108003?
777
What is the greatest common divisor of 58765 and 594251?
161
What is the highest common divisor of 66288149 and 1174?
587
What is the greatest common divisor of 420374060 and 40?
20
What is the highest common factor of 4 and 4395872?
4
Calculate the highest common factor of 14690624 and 13.
13
What is the highest common divisor of